er?
True
Is 28270273 prime?
False
Is 1079591 prime?
False
Is 19706369 prime?
True
Is 786207383 prime?
False
Is 9014767 composite?
False
Is 30947783 composite?
False
Is 29563483 a prime number?
True
Is 126453083 a composite number?
True
Is 4646791 composite?
False
Is 23712043 a composite number?
True
Is 2199247 a composite number?
False
Is 867529 a composite number?
True
Is 44532173 prime?
False
Is 84319747 a prime number?
True
Is 765683 composite?
True
Is 95470267 a composite number?
True
Is 91901809 composite?
False
Is 899729 a prime number?
False
Is 2126253 prime?
False
Is 827569 composite?
True
Is 21876839 composite?
False
Is 129742807 a prime number?
True
Is 1954723 composite?
True
Is 286463 a prime number?
False
Is 236631 a prime number?
False
Is 3604011 composite?
True
Is 266821783 a prime number?
False
Is 22373399 composite?
False
Is 8656667 prime?
True
Is 1478398 composite?
True
Is 178417909 composite?
True
Is 68389 a prime number?
True
Is 72587633 a composite number?
False
Is 17559539 prime?
False
Is 11098599 prime?
False
Is 23784771 a composite number?
True
Is 501739009 composite?
True
Is 234848847 a prime number?
False
Is 64351223 a prime number?
True
Is 768574 a prime number?
False
Is 23846621 prime?
True
Is 1678141 a composite number?
True
Is 225317 prime?
False
Is 6845519 a prime number?
True
Is 3720247 composite?
False
Is 2826968849 a prime number?
True
Is 751944353 prime?
True
Is 3244273 a prime number?
True
Is 4280207 a composite number?
True
Is 2104363 prime?
True
Is 466913 prime?
True
Is 193377181 composite?
False
Is 1631621311 composite?
True
Is 21946537 a composite number?
True
Is 5489963 a composite number?
True
Is 57771709 prime?
True
Is 28569715 composite?
True
Is 1391363 a prime number?
True
Is 106993 prime?
True
Is 8663 composite?
False
Is 1117157 a prime number?
False
Is 14623607 a prime number?
False
Is 16772429 composite?
False
Is 60098117 composite?
False
Is 16190189 a prime number?
False
Is 294369 prime?
False
Is 3297158 composite?
True
Is 13016473 a prime number?
True
Is 24164267 prime?
True
Is 26560199 composite?
True
Is 1351309 a composite number?
False
Is 573251421 composite?
True
Is 453979 a composite number?
True
Is 571719 prime?
False
Is 6346409 a composite number?
False
Is 165127609 prime?
True
Is 1923031 a composite number?
True
Is 156431 composite?
True
Is 317397347 composite?
True
Is 4999021 a prime number?
True
Is 4038299 prime?
False
Is 18435749 a prime number?
True
Is 18368327 prime?
False
Is 150018893 a composite number?
False
Is 3172391 a prime number?
True
Is 62618371 composite?
False
Is 208786631 a prime number?
False
Is 2398843 a prime number?
False
Is 130729 composite?
False
Is 37091861 composite?
False
Is 383107 a composite number?
False
Is 62164913 a composite number?
True
Is 80775259 a prime number?
True
Is 1274569 a composite number?
True
Is 923309 a composite number?
False
Is 86652979 a prime number?
False
Is 4365163 a composite number?
True
Is 31553453 composite?
False
Is 4755781 a composite number?
False
Is 83188397 a prime number?
False
Is 400559 prime?
True
Is 16418741 a prime number?
True
Is 57235693 composite?
False
Is 26067251 a prime number?
False
Is 7013029 composite?
False
Is 6581483 a prime number?
True
Is 270188543 a composite number?
False
Is 2163533 prime?
False
Is 15053629 a prime number?
False
Is 195193531 a composite number?
True
Is 1499759 a composite number?
False
Is 57231137 a composite number?
True
Is 726470729 composite?
False
Is 94708849 prime?
True
Is 16464023 a composite number?
False
Is 278717 a composite number?
False
Is 97538083 prime?
True
Is 1508653 prime?
False
Is 479765291 a composite number?
False
Is 8760907 a prime number?
False
Is 12755921 composite?
False
Is 11663723 prime?
True
Is 183637019 prime?
False
Is 79592293 prime?
False
Is 5107763 prime?
False
Is 180810605 composite?
True
Is 716969 a composite number?
True
Is 2572019 composite?
False
Is 96358594 prime?
False
Is 71615347 composite?
False
Is 11030479 composite?
True
Is 1881587711 composite?
False
Is 111804367 a prime number?
False
Is 68317313 a composite number?
False
Is 9887386 composite?
True
Is 813403 a composite number?
True
Is 167385397 prime?
False
Is 6003169 composite?
True
Is 360485273 composite?
False
Is 58220377 a prime number?
True
Is 4741673 a composite number?
False
Is 139235335 composite?
True
Is 15692861 prime?
True
Is 76490923 a prime number?
True
Is 491083007 a composite number?
False
Is 1796041 prime?
False
Is 483385073 composite?
True
Is 46536709 composite?
False
Is 13497131 composite?
True
Is 29466433 composite?
False
Is 555991 a prime number?
False
Is 12593573 a composite number?
False
Is 178176917 prime?
True
Is 55535141 a prime number?
False
Is 9825567 a prime number?
False
Is 1744837 prime?
False
Is 8373589 composite?
True
Is 179352347 a prime number?
True
Is 4417719 prime?
False
Is 51873451 a prime number?
False
Is 8038057 prime?
False
Is 67369 prime?
True
Is 26964541 a prime number?
True
Is 33503791 prime?
False
Is 3127 a composite number?
True
Is 94047677 composite?
True
Is 2447597 prime?
True
Is 158749895 composite?
True
Is 94795787 composite?
False
Is 43751717 a composite number?
True
Is 191039663 a prime number?
False
Is 3740091 composite?
True
Is 166044653 a composite number?
False
Is 4905653 prime?
True
Is 7506283 composite?
True
Is 14232041 prime?
False
Is 27297163 a prime number?
False
Is 49493471 composite?
False
Is 3419131 a composite number?
False
Is 5551033 prime?
False
Is 232685803 a composite number?
True
Is 38670418 a prime number?
False
Is 77380169 prime?
False
Is 155001923 prime?
True
Is 10278497 a composite number?
True
Is 17945153 a prime number?
True
Is 260055073 prime?
False
Is 83513233 a prime number?
True
Is 6487933 composite?
False
Is 6252737 composite?
True
Is 1020329 a prime number?
True
Is 248509 a composite number?
False
Is 1944809 composite?
True
Is 136480177 composite?
True
Is 58209509 a prime number?
False
Is 7812449 composite?
False
Is 3352241 composite?
True
Is 14124109 a composite number?
False
Is 6566333 prime?
True
Is 89591629 composite?
False
Is 2198437 a prime number?
True
Is 89045021 a composite number?
True
Is 608713 a prime number?
False
Is 22508641 a prime number?
True
Is 8158577 prime?
False
Is 201749755 a composite number?
True
Is 2760281 a composite number?
True
Is 2794147 a composite number?
False
Is 109901591 prime?
False
Is 68368667 a prime number?
False
Is 137083621 a composite number?
True
Is 167239357 composite?
False
Is 11622041 a prime number?
True
Is 36183737 composite?
False
Is 1477127 composite?
False
Is 1873471 a prime number?
True
Is 24146503 prime?
True
Is 13755539 a prime number?
False
Is 116340295 prime?
False
Is 165493639 prime?
True
Is 12667141 composite?
False
Is 5335454 a prime number?
False
Is 2605979 a composite number?
False
Is 1318807 composite?
True
Is 20323541 a composite number?
True
Is 98957813 composite?
False
Is 3101273 composite?
True
Is 71742833 prime?
True
Is 22032233 composite?
False
Is 1529263 prime?
True
Is 1469129 prime?
True
Is 89779 a composite number?
False
Is 98893577 prime?
True
Is 116980187 a composite number?
True
Is 22859687 a composite number?
False
Is 64365433 prime?
False
Is 328477 a composite number?
True
Is 82836487 composite?
True
Is 31047479 a prime number?
True
Is 96550627 a composite number?
False
Is 271639547 a composite number?
False
Is 63839519 a prime number?
True
Is 1619813 a composite number?
True
Is 208293871 a prime number?
False
Is 46172681 a composite number?
False
Is 29941253 a composite number?
True
Is 5076703 a composite number?
False
Is 3048497 a composite number?
False
Is 11549051 prime?
True
Is 3568121 prime?
False
Is 16621771 a composite number?
True
Is 44369771 prime?
False
Is 935833 composite?
True
Is 2269843 a composite number?
False
Is 102879827 a prime number?
False
Is 5196607 a composite number?
True
Is 127964917 a prime number?
True
Is 1800529 a composite number?
False
Is 4550077 composite?
True
Is 2033497 prime?
True
Is 7001251 a prime number?
False
Is 160292633 composite?
True
Is 6109799 a composite number?
False
Is 17943101 composite?
True
Is 838001 a prime number?
False
Is 33758471 a composite number?
False
Is 4071319 a prime number?
False
I